{"id":2473,"date":"2025-03-17T18:14:38","date_gmt":"2025-03-17T18:14:38","guid":{"rendered":"https:\/\/mariasmolina24.thkit.ee\/wp\/?page_id=2473"},"modified":"2025-03-23T21:42:11","modified_gmt":"2025-03-23T18:42:11","slug":"veebirakendus","status":"publish","type":"page","link":"https:\/\/mariasmolina24.thkit.ee\/wp\/eng\/veebirakendus\/","title":{"rendered":"Web applications"},"content":{"rendered":"\n<p><strong>Veebirakendus<\/strong> on internetip\u00f5hine tarkvaralahendus, mis t\u00f6\u00f6tab veebibrauseris ja v\u00f5imaldab kasutajatel suhelda erinevate teenustega. Erinevalt t\u00f6\u00f6lauarakendustest ei vaja veebirakendused eraldi installimist ja on kergesti ligip\u00e4\u00e4setavad k\u00f5ikjalt, kus on interneti\u00fchendus. <strong>Veebirakendus<\/strong> v\u00f5ib olla lihtne staatiline veebileht v\u00f5i keeruline d\u00fcnaamiline s\u00fcsteem, mis kasutab andmebaase ja erinevaid programmeerimiskeeli.<\/p>\n\n\n\n<br>\n\n\n<div class=\"wp-block-image is-style-rounded\">\n<figure class=\"aligncenter size-full is-resized\"><img decoding=\"async\" src=\"https:\/\/mariasmolina24.thkit.ee\/wp\/eng\/wp-content\/uploads\/sites\/3\/2025\/03\/image-133.png\" alt=\"Veebirakendus\" class=\"wp-image-2799\" style=\"width:748px;height:auto\" \/><\/figure>\n<\/div>\n\n\n<h3 class=\"wp-block-heading has-text-align-center\"><strong>Veebirakenduste p\u00f5hitehnoloogiad<\/strong><\/h3>\n\n\n\n<ol class=\"wp-block-list\">\n<li><strong>HTML ja CSS<\/strong>\n<ul class=\"wp-block-list\">\n<li><a href=\"https:\/\/developer.mozilla.org\/en-US\/docs\/Web\/HTML\"><strong><mark style=\"color:#008ee3\" class=\"has-inline-color\">HTML (HyperText Markup Language)<\/mark><\/strong><\/a> m\u00e4\u00e4rab veebilehe struktuuri, sisaldades elemente nagu pealkirjad, l\u00f5igud, pildid ja lingid.<\/li>\n\n\n\n<li><a href=\"https:\/\/developer.mozilla.org\/en-US\/docs\/Web\/CSS\"><mark style=\"color:#008ee3\" class=\"has-inline-color\"><strong>CSS (Cascading Style Sheets)<\/strong><\/mark><\/a> v\u00f5imaldab m\u00e4\u00e4rata veebilehe visuaalset kujundust, sealhulgas v\u00e4rve, fonte, paigutust ja animatsioone.<\/li>\n<\/ul>\n<\/li>\n\n\n\n<li><strong>JavaScript<\/strong>\n<ul class=\"wp-block-list\">\n<li><a href=\"https:\/\/developer.mozilla.org\/en-US\/docs\/Web\/JavaScript\"><mark style=\"color:#008ee3\" class=\"has-inline-color\"><strong>JavaScript<\/strong><\/mark><\/a> on laialdaselt kasutatav programmeerimiskeel, mis lisab veebilehtedele d\u00fcnaamilisust ja interaktiivsust.<\/li>\n\n\n\n<li>Kasutatakse DOM-i (Document Object Model) manipuleerimiseks, s\u00fcndmuste haldamiseks ja <a href=\"https:\/\/developer.mozilla.org\/en-US\/docs\/Web\/Guide\/AJAX\"><mark style=\"color:#008ee3\" class=\"has-inline-color\"><strong>AJAX<\/strong><\/mark><\/a>-i kaudu andmete vahetamiseks serveriga.<\/li>\n\n\n\n<li>Populaarsed JavaScripti raamistikud nagu <a href=\"https:\/\/react.dev\/\"><mark style=\"color:#008ee3\" class=\"has-inline-color\"><strong>React<\/strong><\/mark><\/a>, <a href=\"https:\/\/angular.io\/\"><mark style=\"color:#008ee3\" class=\"has-inline-color\"><strong>Angular<\/strong><\/mark><\/a> ja <a href=\"https:\/\/vuejs.org\/\"><mark style=\"color:#008ee3\" class=\"has-inline-color\"><strong>Vue.js<\/strong><\/mark><\/a> lihtsustavad veebirakenduste loomist.<\/li>\n<\/ul>\n<\/li>\n\n\n\n<li><strong>PHP ja MySQL<\/strong>\n<ul class=\"wp-block-list\">\n<li><a href=\"https:\/\/www.php.net\/\"><mark style=\"color:#008ee3\" class=\"has-inline-color\"><strong>PHP<\/strong><\/mark><\/a> on serveripoolne programmeerimiskeel, mis v\u00f5imaldab d\u00fcnaamilist sisu ja andmebaasi\u00fchendusi.<\/li>\n\n\n\n<li><a href=\"https:\/\/www.mysql.com\/\"><mark style=\"color:#008ee3\" class=\"has-inline-color\"><strong>MySQL<\/strong><\/mark><\/a> on relatsiooniline andmebaasihalduss\u00fcsteem, mida kasutatakse andmete talletamiseks ja haldamiseks.<\/li>\n\n\n\n<li>PHP ja MySQL koos v\u00f5imaldavad luua keerukaid kasutajap\u00f5hiseid s\u00fcsteeme, n\u00e4iteks sisselogimislahendusi, e-poode ja foorumeid.<\/li>\n<\/ul>\n<\/li>\n\n\n\n<li><strong>WordPress<\/strong>\n<ul class=\"wp-block-list\">\n<li><a href=\"https:\/\/wordpress.org\/\"><mark style=\"color:#008ee3\" class=\"has-inline-color\"><strong>WordPress<\/strong><\/mark><\/a> on \u00fcks populaarsemaid sisuhalduss\u00fcsteeme (CMS), mis v\u00f5imaldab veebilehti ja veebipoode luua ilma keeruka kodeerimiseta.<\/li>\n\n\n\n<li>Kasutab PHP ja MySQL tehnoloogiaid ning on laiendatav tuhandete pluginatega, mis lisavad funktsionaalsust.<\/li>\n<\/ul>\n<\/li>\n<\/ol>\n\n\n\n<hr class=\"wp-block-separator aligncenter has-alpha-channel-opacity is-style-wide\" \/>\n\n\n\n<h3 class=\"wp-block-heading has-text-align-center\"><strong>\u00d5ppet\u00f6\u00f6 ja iseseisev praktika<\/strong><\/h3>\n\n\n\n<ul class=\"wp-block-list\">\n<li><strong>Auditoorne t\u00f6\u00f6 (110 tundi)<\/strong> \u2013 h\u00f5lmab loenguid, praktilisi harjutusi ja juhendatud projektide arendamist, kus \u00f5pitakse veebirakenduste loomise aluseid.<\/li>\n\n\n\n<li><strong>Iseseisev kodut\u00f6\u00f6 (98 tundi)<\/strong> \u2013 keskendub individuaalsete \u00fclesannete ja projektide lahendamisele, et kinnistada \u00f5pitud oskusi ja arendada iseseisvalt veebirakendusi.<\/li>\n<\/ul>\n\n\n\n<p><strong>Veebirakendus<\/strong> on pidevalt arenev valdkond, mis n\u00f5uab tehniliste oskuste ja loovuse kombinatsiooni. Edukas veebirakenduse arendamine eeldab nii kliendipoolse kui ka serveripoolse programmeerimise oskusi ning pidevat \u00f5ppimist, et p\u00fcsida kursis uusimate tehnoloogiatega.<\/p>\n","protected":false},"excerpt":{"rendered":"<p>Veebirakendus on internetip\u00f5hine tarkvaralahendus, mis t\u00f6\u00f6tab veebibrauseris ja v\u00f5imaldab kasutajatel suhelda erinevate teenustega. [&hellip;]<\/p>\n","protected":false},"author":1,"featured_media":0,"parent":0,"menu_order":0,"comment_status":"closed","ping_status":"closed","template":"","meta":{"footnotes":""},"class_list":["post-2473","page","type-page","status-publish","hentry"],"yoast_head":"<!-- This site is optimized with the Yoast SEO plugin v27.3 - https:\/\/yoast.com\/product\/yoast-seo-wordpress\/ -->\n<title>Web applications - Maria Smolina STUDY Portfolio | ENG |<\/title>\n<meta name=\"description\" content=\"Veebirakendus on brauseris t\u00f6\u00f6tav tarkvara, mis kasutab HTML-i, CSS-i, JavaScripti, PHP-d ja MySQL-i interaktiivsete lahenduste loomiseks.\" \/>\n<meta name=\"robots\" content=\"index, follow, max-snippet:-1, max-image-preview:large, max-video-preview:-1\" \/>\n<link rel=\"canonical\" href=\"https:\/\/mariasmolina24.thkit.ee\/wp\/eng\/veebirakendus\/\" \/>\n<meta property=\"og:locale\" content=\"en_US\" \/>\n<meta property=\"og:type\" content=\"article\" \/>\n<meta property=\"og:title\" content=\"Web applications - Maria Smolina STUDY Portfolio | ENG |\" \/>\n<meta property=\"og:description\" content=\"Veebirakendus on brauseris t\u00f6\u00f6tav tarkvara, mis kasutab HTML-i, CSS-i, JavaScripti, PHP-d ja MySQL-i interaktiivsete lahenduste loomiseks.\" \/>\n<meta property=\"og:url\" content=\"https:\/\/mariasmolina24.thkit.ee\/wp\/eng\/veebirakendus\/\" \/>\n<meta property=\"og:site_name\" content=\"Maria Smolina STUDY Portfolio | ENG |\" \/>\n<meta property=\"article:modified_time\" content=\"2025-03-23T18:42:11+00:00\" \/>\n<meta name=\"twitter:card\" content=\"summary_large_image\" \/>\n<script type=\"application\/ld+json\" class=\"yoast-schema-graph\">{\"@context\":\"https:\\\/\\\/schema.org\",\"@graph\":[{\"@type\":\"WebPage\",\"@id\":\"https:\\\/\\\/mariasmolina24.thkit.ee\\\/wp\\\/eng\\\/veebirakendus\\\/\",\"url\":\"https:\\\/\\\/mariasmolina24.thkit.ee\\\/wp\\\/eng\\\/veebirakendus\\\/\",\"name\":\"Web applications - Maria Smolina STUDY Portfolio | ENG |\",\"isPartOf\":{\"@id\":\"https:\\\/\\\/mariasmolina24.thkit.ee\\\/wp\\\/eng\\\/#website\"},\"primaryImageOfPage\":{\"@id\":\"https:\\\/\\\/mariasmolina24.thkit.ee\\\/wp\\\/eng\\\/veebirakendus\\\/#primaryimage\"},\"image\":{\"@id\":\"https:\\\/\\\/mariasmolina24.thkit.ee\\\/wp\\\/eng\\\/veebirakendus\\\/#primaryimage\"},\"thumbnailUrl\":\"https:\\\/\\\/mariasmolina24.thkit.ee\\\/wp\\\/eng\\\/wp-content\\\/uploads\\\/sites\\\/3\\\/2025\\\/03\\\/image-133.png\",\"datePublished\":\"2025-03-17T18:14:38+00:00\",\"dateModified\":\"2025-03-23T18:42:11+00:00\",\"description\":\"Veebirakendus on brauseris t\u00f6\u00f6tav tarkvara, mis kasutab HTML-i, CSS-i, JavaScripti, PHP-d ja MySQL-i interaktiivsete lahenduste loomiseks.\",\"breadcrumb\":{\"@id\":\"https:\\\/\\\/mariasmolina24.thkit.ee\\\/wp\\\/eng\\\/veebirakendus\\\/#breadcrumb\"},\"inLanguage\":\"en-US\",\"potentialAction\":[{\"@type\":\"ReadAction\",\"target\":[\"https:\\\/\\\/mariasmolina24.thkit.ee\\\/wp\\\/eng\\\/veebirakendus\\\/\"]}]},{\"@type\":\"ImageObject\",\"inLanguage\":\"en-US\",\"@id\":\"https:\\\/\\\/mariasmolina24.thkit.ee\\\/wp\\\/eng\\\/veebirakendus\\\/#primaryimage\",\"url\":\"\",\"contentUrl\":\"\"},{\"@type\":\"BreadcrumbList\",\"@id\":\"https:\\\/\\\/mariasmolina24.thkit.ee\\\/wp\\\/eng\\\/veebirakendus\\\/#breadcrumb\",\"itemListElement\":[{\"@type\":\"ListItem\",\"position\":1,\"name\":\"\u0413\u043b\u0430\u0432\u043d\u0430\u044f \u0441\u0442\u0440\u0430\u043d\u0438\u0446\u0430\",\"item\":\"https:\\\/\\\/mariasmolina24.thkit.ee\\\/wp\\\/eng\\\/\"},{\"@type\":\"ListItem\",\"position\":2,\"name\":\"Web applications\"}]},{\"@type\":\"WebSite\",\"@id\":\"https:\\\/\\\/mariasmolina24.thkit.ee\\\/wp\\\/eng\\\/#website\",\"url\":\"https:\\\/\\\/mariasmolina24.thkit.ee\\\/wp\\\/eng\\\/\",\"name\":\"Maria Smolina STUDY Portfolio | ENG |\",\"description\":\"Junior Software Developer Specialty\",\"publisher\":{\"@id\":\"https:\\\/\\\/mariasmolina24.thkit.ee\\\/wp\\\/eng\\\/#organization\"},\"potentialAction\":[{\"@type\":\"SearchAction\",\"target\":{\"@type\":\"EntryPoint\",\"urlTemplate\":\"https:\\\/\\\/mariasmolina24.thkit.ee\\\/wp\\\/eng\\\/?s={search_term_string}\"},\"query-input\":{\"@type\":\"PropertyValueSpecification\",\"valueRequired\":true,\"valueName\":\"search_term_string\"}}],\"inLanguage\":\"en-US\"},{\"@type\":\"Organization\",\"@id\":\"https:\\\/\\\/mariasmolina24.thkit.ee\\\/wp\\\/eng\\\/#organization\",\"name\":\"Maria Smolina STUDY Portfolio | ENG |\",\"url\":\"https:\\\/\\\/mariasmolina24.thkit.ee\\\/wp\\\/eng\\\/\",\"logo\":{\"@type\":\"ImageObject\",\"inLanguage\":\"en-US\",\"@id\":\"https:\\\/\\\/mariasmolina24.thkit.ee\\\/wp\\\/eng\\\/#\\\/schema\\\/logo\\\/image\\\/\",\"url\":\"https:\\\/\\\/mariasmolina24.thkit.ee\\\/wp\\\/eng\\\/wp-content\\\/uploads\\\/sites\\\/3\\\/2025\\\/03\\\/cropped-cropped-cropped-logo.png\",\"contentUrl\":\"https:\\\/\\\/mariasmolina24.thkit.ee\\\/wp\\\/eng\\\/wp-content\\\/uploads\\\/sites\\\/3\\\/2025\\\/03\\\/cropped-cropped-cropped-logo.png\",\"width\":373,\"height\":373,\"caption\":\"Maria Smolina STUDY Portfolio | ENG |\"},\"image\":{\"@id\":\"https:\\\/\\\/mariasmolina24.thkit.ee\\\/wp\\\/eng\\\/#\\\/schema\\\/logo\\\/image\\\/\"}}]}<\/script>\n<!-- \/ Yoast SEO plugin. -->","yoast_head_json":{"title":"Web applications - Maria Smolina STUDY Portfolio | ENG |","description":"Veebirakendus on brauseris t\u00f6\u00f6tav tarkvara, mis kasutab HTML-i, CSS-i, JavaScripti, PHP-d ja MySQL-i interaktiivsete lahenduste loomiseks.","robots":{"index":"index","follow":"follow","max-snippet":"max-snippet:-1","max-image-preview":"max-image-preview:large","max-video-preview":"max-video-preview:-1"},"canonical":"https:\/\/mariasmolina24.thkit.ee\/wp\/eng\/veebirakendus\/","og_locale":"en_US","og_type":"article","og_title":"Web applications - Maria Smolina STUDY Portfolio | ENG |","og_description":"Veebirakendus on brauseris t\u00f6\u00f6tav tarkvara, mis kasutab HTML-i, CSS-i, JavaScripti, PHP-d ja MySQL-i interaktiivsete lahenduste loomiseks.","og_url":"https:\/\/mariasmolina24.thkit.ee\/wp\/eng\/veebirakendus\/","og_site_name":"Maria Smolina STUDY Portfolio | ENG |","article_modified_time":"2025-03-23T18:42:11+00:00","twitter_card":"summary_large_image","schema":{"@context":"https:\/\/schema.org","@graph":[{"@type":"WebPage","@id":"https:\/\/mariasmolina24.thkit.ee\/wp\/eng\/veebirakendus\/","url":"https:\/\/mariasmolina24.thkit.ee\/wp\/eng\/veebirakendus\/","name":"Web applications - Maria Smolina STUDY Portfolio | ENG |","isPartOf":{"@id":"https:\/\/mariasmolina24.thkit.ee\/wp\/eng\/#website"},"primaryImageOfPage":{"@id":"https:\/\/mariasmolina24.thkit.ee\/wp\/eng\/veebirakendus\/#primaryimage"},"image":{"@id":"https:\/\/mariasmolina24.thkit.ee\/wp\/eng\/veebirakendus\/#primaryimage"},"thumbnailUrl":"https:\/\/mariasmolina24.thkit.ee\/wp\/eng\/wp-content\/uploads\/sites\/3\/2025\/03\/image-133.png","datePublished":"2025-03-17T18:14:38+00:00","dateModified":"2025-03-23T18:42:11+00:00","description":"Veebirakendus on brauseris t\u00f6\u00f6tav tarkvara, mis kasutab HTML-i, CSS-i, JavaScripti, PHP-d ja MySQL-i interaktiivsete lahenduste loomiseks.","breadcrumb":{"@id":"https:\/\/mariasmolina24.thkit.ee\/wp\/eng\/veebirakendus\/#breadcrumb"},"inLanguage":"en-US","potentialAction":[{"@type":"ReadAction","target":["https:\/\/mariasmolina24.thkit.ee\/wp\/eng\/veebirakendus\/"]}]},{"@type":"ImageObject","inLanguage":"en-US","@id":"https:\/\/mariasmolina24.thkit.ee\/wp\/eng\/veebirakendus\/#primaryimage","url":"","contentUrl":""},{"@type":"BreadcrumbList","@id":"https:\/\/mariasmolina24.thkit.ee\/wp\/eng\/veebirakendus\/#breadcrumb","itemListElement":[{"@type":"ListItem","position":1,"name":"\u0413\u043b\u0430\u0432\u043d\u0430\u044f \u0441\u0442\u0440\u0430\u043d\u0438\u0446\u0430","item":"https:\/\/mariasmolina24.thkit.ee\/wp\/eng\/"},{"@type":"ListItem","position":2,"name":"Web applications"}]},{"@type":"WebSite","@id":"https:\/\/mariasmolina24.thkit.ee\/wp\/eng\/#website","url":"https:\/\/mariasmolina24.thkit.ee\/wp\/eng\/","name":"Maria Smolina STUDY Portfolio | ENG |","description":"Junior Software Developer Specialty","publisher":{"@id":"https:\/\/mariasmolina24.thkit.ee\/wp\/eng\/#organization"},"potentialAction":[{"@type":"SearchAction","target":{"@type":"EntryPoint","urlTemplate":"https:\/\/mariasmolina24.thkit.ee\/wp\/eng\/?s={search_term_string}"},"query-input":{"@type":"PropertyValueSpecification","valueRequired":true,"valueName":"search_term_string"}}],"inLanguage":"en-US"},{"@type":"Organization","@id":"https:\/\/mariasmolina24.thkit.ee\/wp\/eng\/#organization","name":"Maria Smolina STUDY Portfolio | ENG |","url":"https:\/\/mariasmolina24.thkit.ee\/wp\/eng\/","logo":{"@type":"ImageObject","inLanguage":"en-US","@id":"https:\/\/mariasmolina24.thkit.ee\/wp\/eng\/#\/schema\/logo\/image\/","url":"https:\/\/mariasmolina24.thkit.ee\/wp\/eng\/wp-content\/uploads\/sites\/3\/2025\/03\/cropped-cropped-cropped-logo.png","contentUrl":"https:\/\/mariasmolina24.thkit.ee\/wp\/eng\/wp-content\/uploads\/sites\/3\/2025\/03\/cropped-cropped-cropped-logo.png","width":373,"height":373,"caption":"Maria Smolina STUDY Portfolio | ENG |"},"image":{"@id":"https:\/\/mariasmolina24.thkit.ee\/wp\/eng\/#\/schema\/logo\/image\/"}}]}},"_links":{"self":[{"href":"https:\/\/mariasmolina24.thkit.ee\/wp\/eng\/wp-json\/wp\/v2\/pages\/2473","targetHints":{"allow":["GET"]}}],"collection":[{"href":"https:\/\/mariasmolina24.thkit.ee\/wp\/eng\/wp-json\/wp\/v2\/pages"}],"about":[{"href":"https:\/\/mariasmolina24.thkit.ee\/wp\/eng\/wp-json\/wp\/v2\/types\/page"}],"author":[{"embeddable":true,"href":"https:\/\/mariasmolina24.thkit.ee\/wp\/eng\/wp-json\/wp\/v2\/users\/1"}],"replies":[{"embeddable":true,"href":"https:\/\/mariasmolina24.thkit.ee\/wp\/eng\/wp-json\/wp\/v2\/comments?post=2473"}],"version-history":[{"count":0,"href":"https:\/\/mariasmolina24.thkit.ee\/wp\/eng\/wp-json\/wp\/v2\/pages\/2473\/revisions"}],"wp:attachment":[{"href":"https:\/\/mariasmolina24.thkit.ee\/wp\/eng\/wp-json\/wp\/v2\/media?parent=2473"}],"curies":[{"name":"wp","href":"https:\/\/api.w.org\/{rel}","templated":true}]}}